{"id":1366,"date":"2024-02-04T21:06:52","date_gmt":"2024-02-04T20:06:52","guid":{"rendered":"http:\/\/www.ondokeo.net\/ondokeo_new\/?page_id=1366"},"modified":"2024-02-05T23:44:19","modified_gmt":"2024-02-05T22:44:19","slug":"odbiornik-gps-2","status":"publish","type":"page","link":"https:\/\/www.ondokeo.net\/index.php\/wiedza\/odbiornik-gps-2\/","title":{"rendered":"Odbiornik GPS"},"content":{"rendered":"\n<h4 class=\"wp-block-heading\">Wykorzystanie odbiornika GPS<\/h4>\n\n\n\n<p>Przez wieki \u017ceglarze i\u00a0podr\u00f3\u017cnicy radzili sobie bez odbiornik\u00f3w GPS. W wielu sytuacjach i\u00a0my jeste\u015bmy w\u00a0stanie odnale\u017a\u0107 swoj\u0105 pozycje na\u00a0mapie bez pomocy systemu GPS. Wystarczy uwa\u017cne obserwowanie otoczenia i\u00a0bie\u017c\u0105ce por\u00f3wnywanie mijanych obiekt\u00f3w z\u00a0informacjami zawartymi na\u00a0mapie. Na morzu, noc\u0105, przy z\u0142ej widoczno\u015bci lub w\u00a0terenie, w\u00a0kt\u00f3rym trudno o\u00a0charakterystyczne elementy (las, pustynia,&#8230;), pomoc odbiornika GPS jest nieodzowna. W takich sytuacjach, odbiornik GPS to podstawowe \u017ar\u00f3d\u0142o informacji o\u00a0naszym aktualnym po\u0142o\u017ceniu na\u00a0Ziemi. Urz\u0105dzenie to\u00a0wymaga jednak cho\u0107by podstawowej wiedzy na\u00a0temat systemu GPS i\u00a0kartografii.<\/p>\n\n\n\n<h5 class=\"wp-block-heading\">Nasz odbiornik<\/h5>\n\n\n\n<p>Od wielu lat korzystamy z\u00a0jednego, starego odbiornika &#8211; Garmin 12XL. Jest to &#8222;klasyka&#8221; produkowana do\u00a0dzi\u015b przez ameryka\u0144sk\u0105 firm\u0119\u00a0<strong>GARMIN<\/strong>. W\u00a0Polsce odbiornik ten dost\u0119pny jest poprzez firm\u0119\u00a0<strong>EXCEL<\/strong>. Odbiornik nie ma mo\u017cliwo\u015bci \u0142adowania map i\u00a0nie zamienianie go\u00a0na\u00a0nowszy, to m\u00f3j \u015bwiadomy wyb\u00f3r. Cyfrowe mapy dost\u0119pne s\u0105 ci\u0105gle tylko dla\u00a0najbardziej uprzemys\u0142owionych region\u00f3w Ziemi. Poza tym, m\u00f3j\u00a0spos\u00f3b wykorzystania odbiornika GPS w\u00a0samochodzie nie wymaga \u0142adowania do\u0144 map.<\/p>\n\n\n\n<p>Wszystkie funkcje zwi\u0105zane z\u00a0planowaniem trasy i\u00a0\u015bledzeniem swojej aktualnej pozycji na\u00a0mapie realizujemy, albo na\u00a0mapie papierowej, albo\u00a0z\u00a0wykorzystaniem notebooka i\u00a0odpowiedniego oprogramowania. Zazwyczaj jednak, w\u0142a\u015bnie GPS jest dla nas podstawowym \u017ar\u00f3d\u0142em informacji o\u00a0aktualnych wsp\u00f3\u0142rz\u0119dnych geograficznych, wysoko\u015bci, czy pr\u0119dko\u015bci z\u00a0kt\u00f3r\u0105 si\u0119 poruszamy.<\/p>\n\n\n\n<h5 class=\"wp-block-heading\">Odbiornik GPS z\u00a0mapami?<\/h5>\n\n\n\n<p>Jest kilka powod\u00f3w, dla kt\u00f3rych nie jestem zainteresowany posiadaniem odbiornika GPS do\u00a0kt\u00f3rego m\u00f3g\u0142 bym wczyta\u0107 mapy cyfrowe:<\/p>\n\n\n\n<ul class=\"wp-block-list\">\n<li>Nie ma map cyfrowych wi\u0119kszo\u015bci interesuj\u0105cych mnie teren\u00f3w.<\/li>\n\n\n\n<li>Mapy cyfrowe s\u0105 zazwyczaj bardzo ubogie w&nbsp;informacje topograficzne, np. poziomice.<\/li>\n\n\n\n<li>Mimo, \u017ce jest mo\u017cliwe przygotowanie wersji cyfrowych skanowanych map papierowych, proces ten jest bardzo czasoch\u0142onny i&nbsp;pracoch\u0142onny, a&nbsp;ostateczny wynik &#8211; by by\u0142 czytelny w&nbsp;samochodzie &#8211; wymaga zakupienia du\u017cego odbiornika GPS z&nbsp;barwnym wy\u015bwietlaczem. Cena takich odbiornik\u00f3w si\u0119ga nawet 10 tys. PLN.<\/li>\n<\/ul>\n\n\n\n<p>Notebook z\u00a0drugiej r\u0119ki kosztuje powiedzmy 1500 PLN, OziExplorer &#8211; ok.\u00a080$, skaner &#8211; kilkaset\u00a0PLN, prosty odbiornik GPS &#8211; kilkaset\u00a0PLN.<\/p>\n\n\n\n<p>Wniosek? Niema\u00a0o\u00a0co\u00a0walczy\u0107. Bardzo bogato wyposa\u017cony Odbiornik GPS, jest zdecydowanie dro\u017cszy ni\u017c\u00a0komplet: odbiornik GPS i\u00a0Notebook, a\u00a0wynikowa funkcjonalno\u015b\u0107 zestawu w\u00a0samochodzie jest\u00a0zdecydowanie wi\u0119ksza.<\/p>\n\n\n\n<h5 class=\"wp-block-heading\">Zasilanie odbiornika GPS w\u00a0samochodzie<\/h5>\n\n\n\n<p>Odbiornik GPS powinien mie\u0107 mo\u017cliwo\u015b\u0107 pod\u0142\u0105czenia kabla zasilaj\u0105cego z\u00a0instalacji elektrycznej samochodu (12V). Cz\u0119sto jest to\u00a0ten sam kabel, kt\u00f3rym \u0142\u0105czymy odbiornik GPS z\u00a0Notebookiem. Tak\u0105 sytuacje mamy w\u00a0przypadku naszego Garmina 12XL. Zasilanie Garmina 12XL z\u00a0instalacji elektrycznej samochodu ma jeszcze jedna zalet\u0119. Odbiorniki te\u00a0i nie\u00a0tylko\u00a0te, miewaj\u0105 k\u0142opoty z\u00a0roz\u0142adowywaniem si\u0119\u00a0wewn\u0119trznego akumulatorka podtrzymuj\u0105cego pami\u0119\u0107 odbiornika. Pozostawienie 12XL na\u00a0kilka godzin, kilkakrotnie w\u00a0ci\u0105gu roku, z\u00a0zasilaniem zewn\u0119trznym doskonale do\u0142adowuje wewn\u0119trzny akumulator.<\/p>\n\n\n\n<p>W czasie naszego wyjazdu do Rumunii w 2004 roku, okaza\u0142o si\u0119\u00a0nagle, \u017ce\u00a0mimo pod\u0142\u0105czenia kabla zasilaj\u0105cego, odbiornik GPS zg\u0142asza\u0142 niski poziom baterii. Po\u00a0kilkudniowych poszukiwaniach przyczyny takiego zachowania si\u0119 odbiornika, o\u00a0kaza\u0142o si\u0119, \u017ce\u00a0jest to\u00a0jedynie problem styku pomi\u0119dzy gniazdem w\u00a0odbiorniku, a\u00a0wtyczk\u0105 kabla. Po dogi\u0119ciu styk\u00f3w problem ust\u0105pi\u0142. Wniosek jest prosty, mimo zasilania odbiornika GPS w\u00a0samochodzie z\u00a0instalacji 12V, zdecydowanie warto mie\u0107 zapas baterii na\u00a0ca\u0142y czas trwania wyprawy.<\/p>\n\n\n\n<h5 class=\"wp-block-heading\">Antena zewn\u0119trzna<\/h5>\n\n\n\n<p>Dok\u0142adno\u015b\u0107 obliczanej przez odbiornik GPS pozycji zale\u017cna jest mi\u0119dzy i\u00a0nnymi od\u00a0liczby satelit\u00f3w, z\u00a0kt\u00f3rych odbiornik mo\u017ce odczytywa\u0107 sygna\u0142. Odbiornik umieszczony w\u00a0samochodzie, gdzie metalowe nadwozie zas\u0142ania niebo, ma\u00a0ma\u0142e szanse na\u00a0poprawne dzia\u0142anie. Mo\u017cna go\u00a0oczywi\u015bcie umie\u015bci\u0107 na\u00a0desce rozdzielczej, tu\u017c przed przedni\u0105 szyb\u0105 samochodu, ale i\u00a0tak\u00a0wi\u0119kszos\u0107 nieba b\u0119dzie dla niego zas\u0142oni\u0119ta. Idea\u0142em jest sytuacja w\u00a0kt\u00f3rej do\u00a0odbiornika podpianmy zewn\u0119trzn\u0105, ca\u0142kowicie odporn\u0105 na\u00a0warunki atmosferyczne anten\u0119 i\u00a0umieszczamy j\u0105\u00a0na\u00a0dachu samochodu.<\/p>\n\n\n\n<p>W samochodzie ekspedycyjnym, problemem jest &#8222;brak dachu&#8221;, czyli zas\u0142oni\u0119cie go przez baga\u017cnik dachowy. Anten\u0119 trzeba wi\u0119c tak umieszcza\u0107, by\u00a0&#8222;widzia\u0142a&#8221; ca\u0142e niebo nad samochodem, a\u00a0jednocze\u015bnie nie\u00a0przeszkadza\u0142a w\u00a0rozk\u0142adaniu dachowego namiotu czy otwieraniu skrzy\u0144 umieszczonych na\u00a0baga\u017cniku i\u00a0nie\u00a0by\u0142a\u00a0nara\u017cona na\u00a0uszkodzenie ga\u0142\u0119ziami.<\/p>\n\n\n\n<h4 class=\"wp-block-heading\">Zasada dzia\u0142ania systemu GPS<\/h4>\n\n\n\n<p>Global Positioning System sk\u0142ada si\u0119 z\u00a024 satelit\u00f3w i\u00a0naziemnych stacji wspomagaj\u0105cych ich dzia\u0142anie. Rozmieszczenie satelit\u00f3w nad powierzchni\u0105 Ziemi jest sta\u0142e i\u00a0takie, by z\u00a0ka\u017cdego jej miejsca kilka z\u00a0nich by\u0142o &#8222;widocznych na\u00a0niebie&#8221;. Sygna\u0142y nadawane z\u00a0satelit\u00f3w to\u00a0paczki danych zawieraj\u0105ce w\u00a0uproszczeniu jedynie numer satelity i\u00a0aktualny czas, czas wys\u0142ania paczki.<\/p>\n\n\n\n<p>Odbiornik GPS to wielopasmowy odbiornik radiowy odbieraj\u0105cy jednocze\u015bnie sygna\u0142u z\u00a0wielu satelit\u00f3w. Do odbiornik\u00f3w sygna\u0142y te\u00a0docieraj\u0105 z\u00a0op\u00f3\u017anieniem zale\u017cnym od\u00a0odleg\u0142o\u015bci odbiornika od\u00a0satelity. Proces obliczania przez odbiornik swojej pozycji geograficznej, sk\u0142ada si\u0119 w\u00a0uproszczeniu z\u00a0dw\u00f3ch podstawowych krok\u00f3w:<\/p>\n\n\n\n<ul class=\"wp-block-list\">\n<li><strong>Obliczenie odleg\u0142o\u015bci od satelit\u00f3w, z&nbsp;kt\u00f3rych odbierane s\u0105&nbsp;paczki danych.<\/strong>&nbsp;Odleg\u0142o\u015b\u0107 ta obliczana jest na&nbsp;podstawie czasu, kt\u00f3ry by\u0142 potrzebny, by paczka danych dotar\u0142a z&nbsp;satelity do&nbsp;odbiornika. Zawarty w&nbsp;paczce czas jej wys\u0142ania z&nbsp;satelity por\u00f3wnywany jest w&nbsp;chwili jej&nbsp;odebrania z&nbsp;czasem aktualnym odbiornika.<\/li>\n\n\n\n<li><strong>Znalezienie po\u0142o\u017cenia odbiornika na&nbsp;lub nad powierzchni\u0105 Ziemi.&nbsp;<\/strong>Znaj\u0105c odleg\u0142o\u015b\u0107 od kilku widocznych satelit\u00f3w i&nbsp;znaj\u0105c wzajemne po\u0142o\u017cenie tych satelit\u00f3w, mo\u017cliwe jest obliczenie miejsca w&nbsp;przestrzeni wyznaczonej przez te satelity. W przestrzeni tej, znane jest te\u017c po\u0142o\u017cenie Ziemi, mo\u017cliwe jest wi\u0119c obliczenie wysoko\u015bci odbiornika nad powierzchni\u0105 morza.<\/li>\n<\/ul>\n\n\n\n<p>Przy analizowaniu szeregu kolejnych oblicze\u0144 pozycji, mo\u017cliwe staje si\u0119 obliczenie pr\u0119dko\u015bci z\u00a0kt\u00f3r\u0105 porusza si\u0119 odbiornik, czy kierunku jego ruchu.<\/p>\n","protected":false},"excerpt":{"rendered":"<p>Wykorzystanie odbiornika GPS Przez wieki \u017ceglarze i\u00a0podr\u00f3\u017cnicy radzili sobie bez odbiornik\u00f3w GPS. W wielu sytuacjach i\u00a0my jeste\u015bmy w\u00a0stanie odnale\u017a\u0107 swoj\u0105 pozycje na\u00a0mapie bez pomocy systemu GPS. Wystarczy uwa\u017cne obserwowanie otoczenia i\u00a0bie\u017c\u0105ce por\u00f3wnywanie mijanych obiekt\u00f3w z\u00a0informacjami zawartymi na\u00a0mapie. Na morzu, noc\u0105, przy z\u0142ej widoczno\u015bci lub w\u00a0terenie, w\u00a0kt\u00f3rym trudno o\u00a0charakterystyczne elementy (las, pustynia,&#8230;), pomoc odbiornika GPS jest&#8230;<\/p>\n","protected":false},"author":1,"featured_media":0,"parent":597,"menu_order":0,"comment_status":"closed","ping_status":"closed","template":"page-right-sidebar-template","meta":{"pgc_sgb_lightbox_settings":"","footnotes":""},"class_list":["post-1366","page","type-page","status-publish","hentry"],"_links":{"self":[{"href":"https:\/\/www.ondokeo.net\/index.php\/wp-json\/wp\/v2\/pages\/1366","targetHints":{"allow":["GET"]}}],"collection":[{"href":"https:\/\/www.ondokeo.net\/index.php\/wp-json\/wp\/v2\/pages"}],"about":[{"href":"https:\/\/www.ondokeo.net\/index.php\/wp-json\/wp\/v2\/types\/page"}],"author":[{"embeddable":true,"href":"https:\/\/www.ondokeo.net\/index.php\/wp-json\/wp\/v2\/users\/1"}],"replies":[{"embeddable":true,"href":"https:\/\/www.ondokeo.net\/index.php\/wp-json\/wp\/v2\/comments?post=1366"}],"version-history":[{"count":2,"href":"https:\/\/www.ondokeo.net\/index.php\/wp-json\/wp\/v2\/pages\/1366\/revisions"}],"predecessor-version":[{"id":1418,"href":"https:\/\/www.ondokeo.net\/index.php\/wp-json\/wp\/v2\/pages\/1366\/revisions\/1418"}],"up":[{"embeddable":true,"href":"https:\/\/www.ondokeo.net\/index.php\/wp-json\/wp\/v2\/pages\/597"}],"wp:attachment":[{"href":"https:\/\/www.ondokeo.net\/index.php\/wp-json\/wp\/v2\/media?parent=1366"}],"curies":[{"name":"wp","href":"https:\/\/api.w.org\/{rel}","templated":true}]}}